. List the prime factors of t(v).
3, 37
Suppose 0 = 4*t + 4*k - 8, 5*t - 6 = -3*k + 4. Suppose 3*p + t = 8. Suppose 2*x - 3*x + 157 = p*w, -3*w + x + 228 = 0. What are the prime factors of w?
7, 11
Let n = 208 - 603. Let s = 575 + n. List the prime factors of s.
2, 3, 5
Let q = 3 + -3. Suppose q = 14*y - 16*y + 8. Suppose w = 2*i + i + 25, -y*i = -w + 21. List the prime factors of w.
37
Let m = -456 + 796. Let k = m + 889. List the prime factors of k.
1229
Suppose -37*b = 20573 - 198617. What are the prime factors of b?
2, 3, 401
List the prime factors of ((-10920)/(-75))/(4/550).
2, 5, 7, 11, 13
Let u(r) = 447*r**2 - 4. Let h be u(2). Suppose h + 40 = 6*c. Suppose -5*w + 9*w = -4*t + 316, 4*w - 2*t - c = 0. List the prime factors of w.
7, 11
Let k be (510/75)/((-2)/10) - 3. Let r = -223 - -339. Let q = r - k. List the prime factors of q.
3, 17
Suppose 62*s - 24150 = 37*s. Suppose 43*a - 40*a = s. List the prime factors of a.
2, 7, 23
Suppose -239*d - 1051413 = -281*d - 409191. What are the prime factors of d?
3, 1699
Suppose -5*g - 3 = 5*s - 193, 5*s - g = 166. List the prime factors of 92 - (-17)/(s/(-12)).
2, 43
List the prime factors of ((-244)/5 - 1)/(240/(-63200)).
2, 79, 83
Let j(x) = 10*x**2 - 10*x - 31. Let p(v) = 50*v**2 - 50*v - 154. Let y(o) = 11*j(o) - 2*p(o). List the prime factors of y(-8).
3, 229
Let o = -683 - -692. Suppose -5400 = -o*y + 5517. What are the prime factors of y?
1213
Let q(t) = t**2 - 7*t + 3. Let g = 55 + -48. Let m be q(g). Suppose 3*y = 5*x - 1 - 0, 0 = m*y + 3*x - 15. What are the prime factors of y?
3
Suppose -9*o + 5*o = g - 4, 4*o + 3*g - 12 = 0. Suppose -923 = -2*n - 3*b + 156, o = -n + b + 542. What are the prime factors of n?
541
Let q = -320 + 320. Suppose 4*j - 9*j = 2*o - 1933, q = 4*j - 3*o - 1528. What are the prime factors of j?
5, 7, 11
Let d(h) = h - 10. Let b(p) = -p**2 + 11*p - 23. Let g be b(6). Let x be d(g). List the prime factors of (2/2)/(1/((-345)/x)).
5, 23
Suppose 29981 = -30*s + 469961. List the prime factors of s.
2, 7333
Let l(n) = -3*n**3 + 2*n - 7. Let i be l(-3). Let k = -62 + i. List the prime factors of 10*(501/54 + k/27).
5, 19
Let k(c) = -22*c - 116. Let l be k(-5). List the prime factors of (l/8)/((-24)/2784).
3, 29
Let o = 71175 - 40706. What are the prime factors of o?
30469
Suppose -3*b - 2*d = 2*d + 14, 3*b + 2*d + 4 = 0. Suppose -1 = -b*f + s, 9*f = 7*f + 4*s - 14. List the prime factors of -4 + 188 + 0 + f.
11, 17
Let j(i) = i - 10. Let s be ((-28)/(-5))/(18/45). Let w be j(s). Suppose -w*y = 5*c - 63, -31 = -4*c - 4*y + 21. What are the prime factors of c?
11
Let v = 29497 - 20842. Suppose -1193 + v = 13*s. List the prime factors of s.
2, 7, 41
Let x = 21 - 15. Let m = 7302 + -7297. What are the prime factors of ((-20)/x)/(4/(m - 65))?
2, 5
Suppose -2*o + 211 = 11. Let v = -192 + o. What are the prime factors of v/(-230) + 0 + (-1296)/(-10)?
2, 5, 13
Let q(u) = 35*u + 11. Let k be q(2). Let f = 23 - k. Let j = 0 - f. List the prime factors of j.
2, 29
Let j(s) = 240*s**2 + s - 73. What are the prime factors of j(12)?
34499
Suppose 2*v + p = -3*p + 83592, 0 = p - 1. What are the prime factors of v?
2, 20897
Let o be (0 + -3)/(-3 + 9525/3176). Let u = 4606 - o. List the prime factors of u.
2, 5, 11, 13
Let z = 200 - 205. What are the prime factors of (5/z)/((-6)/2940)?
2, 5, 7
Suppose -818129 = -167*s + 990481. List the prime factors of s.
2, 3, 5, 19
Let q be 3 + (1 - 7)/(1 - -1). Suppose 0*s + 1455 = 3*o + s, -3*o + 3*s + 1455 = q. List the prime factors of o.
5, 97
Let n = 59 + -54. Suppose -19 = -4*j - g, n*j = -0*g + 2*g + 14. Suppose 2*a = 3*o + 175, 5*a - j*o = 4*a + 85. What are the prime factors of a?
89
Let v be 21/28*-4 - 1*-3. Suppose 5*r - 80 = -v*r + 5*t, t + 79 = 4*r. Suppose a + 50 = 5*n, 3*a + r = 4*n + 6*a. What are the prime factors of n?
3
Suppose 21*i - 46138 = -25*i. What are the prime factors of (-17)/(34/(-16)) + i?
3, 337
Let q be 3 - (-4)/(12/(-213)). Let h = 64 + q. List the prime factors of -149*(-2)/h*-2.
149
Let v(z) = -21*z**2 - 3*z + 1. Let h be v(2). Let y = h + 340. List the prime factors of y.
251
Suppose 2*k = 3*m + m + 9350, -14019 = -3*k + 4*m. List the prime factors of k.
7, 23, 29
Suppose -160*q + 65*q = -68*q - 804492. What are the prime factors of q?
2, 3, 13, 191
Let r(n) = n**3 + 3*n**2 + 3*n + 2. Let d be ((-40)/30)/(4/6). Let t be r(d). Suppose t = -9*o + 1018 + 89. What are the prime factors of o?
3, 41
Suppose -4019 - 28222 = -b + 5*f, 161002 = 5*b + 4*f. What are the prime factors of b?
2, 16103
Suppose -4*y = 3*p - 143 - 1056, 0 = -3*p + 4*y + 1231. Suppose p = 11*r - 101. Let s = 183 - r. What are the prime factors of s?
137
Suppose -c + 4*c - 157 = w, -w - 53 = -c. Suppose 0 = -r + d + 1, 0 = -3*r - 5*d - 9 + c. Suppose -r*p + 240 = -p. List the prime factors of p.
2, 3
Suppose 8*p = 4*p - 5*l + 22106, -4*p + l + 22094 = 0. What are the prime factors of p?
2, 1381
Let o(n) = 2*n - 4. Let x be o(-8). Suppose 0 = 27*i - 26*i - 4*z - 62, 0 = 4*i - 2*z - 206. Let j = x + i. What are the prime factors of j?
2, 3, 5
Let v be ((-259)/(-14) + -9)/((-2)/(-12)). Let m be 6/(-4) - 70/(-4). Let z = m + v. List the prime factors of z.
73
Let w = 191 - 271. Let c = 501 + w. List the prime factors of c.
421
Let q(k) = 2*k - 24. Let g(b) = 5*b - 73. Let z(w) = 4*g(w) - 11*q(w). Let r be z(-13). List the prime factors of 1243/11*r/(-2).
113
Let s = 50 + -48. Let t(l) = -l. Let c be t(s). List the prime factors of (3 - -5)/(c/(-7)).
2, 7
Suppose -g - 14605 = -2*q - 6*g, 5*g - 21895 = -3*q. Suppose 10*v + 0*v = q. What are the prime factors of v?
3
Suppose -108*a + 82*a = -60*a + 293726. What are the prime factors of a?
53, 163
Let z(s) = s**3 + 13*s**2 + 23*s + 1. Let r be z(-11). Let o be ((-24)/r)/((-4)/180). List the prime factors of (40/12)/((-8)/o).
3, 5
Suppose 5*m - c - 27 = 0, -5*m + 21 = -0*c + 2*c. Let a be 91/10*2 - 1/m. List the prime factors of (1 - 133/(-2))/(a/24).
2, 3, 5
Suppose 0 = 2*a + 3*i - 17940, 5*a - 4*i + 5*i - 44876 = 0. Suppose -5*o = -17*o + a. List the prime factors of o.
2, 11, 17
Let v(h) = -h + 1. Let i be v(6). Suppose -41*a + 348 = -5228. Let k = a + i. What are the prime factors of k?
131
Let x = -43 + 46. Let p be 0 - (-2)/1 - 1. What are the prime factors of -1 + 85 + p + x?
2, 11
Suppose 0 = 2*d - 5*k - 17498, 4*d + 3*k - 17546 = 2*d. What are the prime factors of d?
2, 7, 313
Let z = -17 - -29. Suppose -4*f + 0*f + z = 0. List the prime factors of (133/f)/(-3 - 40/(-12)).
7, 19
Suppose -13*c + 83*c - 1616720 = 0. List the prime factors of c.
2, 2887
Let u = 12 + 13. Suppose -72 = -2*o - 2*c, -5*o - c = u - 185. Suppose -5*j + 34 = -o. List the prime factors of j.
13
Let i(b) = -5*b**3 - 2*b**2 - b + 14108. List the prime factors of i(0).
2, 3527
Suppose -a = 3*g - 19, 0 = -5*g - 15*a + 14*a + 31. What are the prime factors of g?
2, 3
Suppose -2*r - 169*u + 82922 = -170*u, -5*u = -2*r + 82914. List the prime factors of r.
2, 20731
Suppose -354 = 5*k + 321. Let a = 138 + k. Suppose -627 = -3*x - a*o, 3*x - 6*o = -5*o + 607. What are the prime factors of x?
2, 3, 17
Let z(k) = 35778*k**3 - 7*k**2 - k + 9. What are the prime factors of z(1)?
37, 967
Suppose -3*v + 42 = -3*k, 20 + 0 = 5*k. Let b(c) = -v*c + 17*c + 104 - 57 + 76. What are the prime factors of b(0)?
3, 41
Suppose 4*c - 15704 = -9*g + 98611, -4*g - 5*c + 50797 = 0. List the prime factors of g.
12703
Let r be (11*-1)/((-3)/(-327)). Let g = -185 - r. What are the prime factors of g?
2, 3, 13
Suppose 0 = 25*p - 18*p - 21. Let h = p - -9. List the prime factors of (-376)/(-3) - (h/(-18) + 1).
5
Let d(m) = m**2 + 3*m - 1. Let b be d(-4). Let o = -7849 + 7853. Suppose 4*s - o*n - n = 799, b = -n. List the prime factors of s.
2, 7
Suppose 236*b = 233*b + 2*u + 19280, -4*b = -u - 25715. List the prime factors of b.
2, 5, 643
Suppose -4*x - 5*p + 2709 = 0, -8*x = -4*x - 3*p - 2701. Suppose -82 - x = -m + 2*g, 746 = m + 2*g. What are the prime factors of m?
2, 47
Let s(g) be the third derivative of -127*g**4/8 - 7*g**3/3 - 59*g**2. What are the prime factors of s(-1)?
367
Let r(a) = -a**3 - 6*a**2 - 9*a + 1. Let i be r(-4). Suppose -z + i = 0, 5*o = 2*o + 2*z + 293. List the prime factors of o.
101
What are the prime factors of (-2 - -10)*(-13